03. What is the tens digit of v?
5
Let z(u) = 18*u + 16. Let q(a) = -5*a + 46. Let p be q(8). What is the hundreds digit of z(p)?
1
Suppose 4*u = h - 298, 5*h + 5*u = 4*u + 1448. Suppose 2*y = -4*b + h, -3*y + 2*b = -0*b - 395. What is the tens digit of y?
3
Let v(n) = -2*n + 39. Suppose 0 = -2*h - 2*h + 4*b + 64, -5*b = -4*h + 61. Let o be v(h). What is the units digit of 4*o/((48/(-57))/(-4))?
9
Let s(b) = 6*b**2 + 23*b + 144. What is the thousands digit of s(-18)?
1
Suppose -k - 2*g + g = -39, 4*k - 149 = 3*g. Suppose -35*v - 660 = -k*v. What is the tens digit of v?
2
Let h(g) = -2*g + 1. Let d(b) = 28*b + 76. Let w(j) = d(j) + 12*h(j). What is the tens digit of w(-12)?
4
Let p(c) = 134*c - 1. Let j be (-2)/8 - (-1 + (-38)/(-8)). Let w be (-8)/(-32) - 3/j. What is the tens digit of p(w)?
3
Suppose 2*l - 4*l + 2*j = -48, -4*j = 2*l - 48. Suppose -l*n - 102 = -7*n. What is the tens digit of (462/n)/(2/(-4))?
5
Let j be ((-12)/7)/((-664)/(-112) + -6). What is the units digit of 2 + 5715/j - (-6)/(-48)?
0
Let f be 2*(2 + (-171)/6). Let p = 44 + f. Let w(g) = -4*g - 20. What is the units digit of w(p)?
6
Suppose 42767 + 100985 = 28*f. What is the tens digit of f?
3
Suppose -4*i = 3*k - 26, 0*k = k - 4*i + 2. Let a(r) = 7*r**2 - 5*r - 22. Let w be a(k). Suppose -w = -4*n - n. What is the units digit of n?
0
Let b be (-195)/26*12/(-5). Suppose b*l - 15*l + 105 = j, -3*j + 335 = -5*l. What is the tens digit of j?
2
Let s(z) = -3 + 45*z**3 + 8*z - 41*z**3 - 6*z**2 - 1. What is the hundreds digit of s(5)?
3
Suppose -s + 6610 = 4*r, -4*r - 5709 = -5*s + 27341. What is the tens digit of s?
1
Let t(u) = -u**3 - 16*u**2 + 35*u + 23. Let l be t(-23). Let g = l + -1418. What is the hundreds digit of g?
5
Suppose -5*y + 2*k - 21 = 22, y - 5*k + 27 = 0. Let b = 14330 - 14309. What is the tens digit of (-396)/(-8) - (b/(-6))/y?
4
Let d(w) be the third derivative of 0 - 5/8*w**4 + 1/60*w**5 + 0*w - 14*w**2 - 1/2*w**3. What is the hundreds digit of d(-7)?
1
Suppose 20*r - 23*r - 9 = -2*l, -4*r - 12 = 0. Suppose 2*k = -4*d + 2640, l = -5*k - 0*d - 4*d + 6582. What is the thousands digit of k?
1
Suppose 0 = -l + 2*l - 43. Let y = l - -83. What is the hundreds digit of y/(-189) - (688/(-3))/2?
1
Let l = -293 - -967. Suppose 0 = 7*q + 229 + l. What is the units digit of ((-4)/(-6))/((-1)/q)?
6
Let a = 9826 - 5896. Suppose 295*y - 300*y + a = 0. What is the hundreds digit of y?
7
Let n(m) = -8 + 41*m + 6 - 1. Let q be n(1). Suppose 3*b = -2*p + q, -p + 9 = b + 3*b. What is the units digit of p?
5
Let h(u) = -u**2 - 18*u - 11. Let i be h(-20). Let w = 55 + i. What is the tens digit of (-86)/w*(-16)/8?
4
Let i(j) be the third derivative of -5/6*j**4 + 0*j - 16*j**2 + 1/10*j**5 - 1/6*j**3 + 0 + 1/120*j**6. What is the units digit of i(-8)?
1
Let u(g) = -384*g + 112 + 390*g + 2. What is the tens digit of u(8)?
6
What is the thousands digit of (-5)/3 + 25/((-1050)/(-307384))?
7
Let p be (-12)/(-28) - 32886/(-98). Suppose 22*y - p = 19*y. What is the tens digit of y?
1
Let i(n) = n**2 + 15*n + 1. Suppose 4*p - 13 = 19. Let b be i(p). Let g = -111 + b. What is the tens digit of g?
7
Let z(t) = t**3 - 3*t**2 - 2*t - 34. Let b be z(5). Suppose b*l - 249 = 1059. What is the units digit of l?
8
Suppose 23*l + 454 + 98 = 0. What is the units digit of 9/l - (-34136)/64?
3
Suppose 113*x + 82*x - 6494527 = 1695863. What is the ten thousands digit of x?
4
Suppose -11*s + 84 = 18. Suppose 0 = -s*l - 8*l + 3892. What is the units digit of l?
8
Suppose 5*v + 1 = 4*v. Let j = v + -36. Let l = 45 + j. What is the units digit of l?
8
Let c(y) = 6*y - 26. Let z be c(7). Let u be (-6)/8 - (-124)/z. What is the tens digit of (90/(4 - u))/(1/(-2))?
6
Suppose 38*g = 202968 - 11828. What is the units digit of g?
0
Let h(m) = m**3 + 13*m**2 - 2*m + 16. Let x = -9 - -13. Let u be -3 + (-10)/(-3 + x). What is the units digit of h(u)?
2
Let q be (-5)/(-10) - (-150)/4. Let k = -53 + q. What is the tens digit of (-252)/(-70)*k/(-2)?
2
Let p(w) = 4*w - 16. Let s be p(4). Let y(q) = q**2 - 10*q + 220. What is the units digit of y(s)?
0
Let t = 618 - 608. Suppose -642 = 9*u - t*u. What is the hundreds digit of u?
6
Let b = -695 - -2360. Suppose 6*z - z - b = -5*r, 2*r = -5*z + 678. Suppose 4*o - r = -3*o. What is the units digit of o?
7
Suppose 5084282 = 87*f - 8*f. What is the thousands digit of f?
4
Suppose 27 = -5*x - 8, -2*h + 2*x + 92082 = 0. What is the ten thousands digit of h?
4
Suppose -r - 17 = 15. Let w = 322 + r. What is the hundreds digit of w?
2
Suppose -5*p - h + 28051 = 0, 16815 = 3*p + 25*h - 27*h. What is the hundreds digit of p?
6
What is the units digit of 1348*((-3)/9*-1 - (-222)/36)?
2
Suppose -q + 19 = 10. Suppose 8*k + 17 = q. What is the units digit of 4 + 366/3 - k?
7
Suppose 9*h - 17032 = 5000. What is the tens digit of h?
4
What is the thousands digit of (144200/(-42) - 1)/((-2)/6)?
0
Suppose -5*z + 25 = -5*n, 2*n + 10 = 4*z + z. Let w be 9 + -6 + (35 - z). Suppose -2*u + w = -0*u. What is the tens digit of u?
1
Suppose 3*y = 6*y - 384. Suppose -2*f - f = 3*v - 18, -4*f + 12 = 0. Suppose -5*w = -v*w - y. What is the tens digit of w?
6
Let r be 2/3*(-18)/(-12). What is the hundreds digit of 1*499/r + (-30 - -31)?
5
Let f = -429 - -6870. What is the hundreds digit of f?
4
Suppose 0 = 47*m - 51*m + 180. Let j = m - 35. Suppose -3*r + 350 = 9*a - 4*a, 0 = 2*r - j. What is the tens digit of a?
6
Suppose -1052 = -3*s - 2*l, -l - l + 352 = s. Suppose 2*j - 3*d + 930 = 0, -j - s = 4*d + 93. Let r = 645 + j. What is the units digit of r?
6
What is the units digit of 1014/(-4)*15204/(-126)?
9
Let s(y) = -8860*y - 241. What is the units digit of s(-1)?
9
Let t(c) = 22*c**3 - 2*c**2 + 8*c + 4. Let v be t(4). Suppose -10*o + 278 = -v. What is the hundreds digit of o?
1
Suppose 0 = -20*x + 4385 + 4835. Let s = -294 + x. What is the hundreds digit of s?
1
What is the ten thousands digit of ((-3228217)/820)/((-1)/6) + 1/(-10)?
2
Let a be 4/(-5) - 57/(-15). Let t be (-3 + a + 5)*1. Suppose -t*z = -5*g - 385, z - 4*g - g - 61 = 0. What is the tens digit of z?
8
Let o = 257 - 239. Suppose -486 = -9*m - o*m. What is the units digit of m?
8
Let q(p) = -3*p**2 + 11*p - 12. Let u be q(12). What is the units digit of -3 - u - (-40)/8?
4
Suppose 0 = 2*f + 3*y - 74057, -4*f = 261*y - 257*y - 148112. What is the hundreds digit of f?
0
Let t(d) = 13090*d**2 - 409*d + 409. What is the hundreds digit of t(1)?
0
Let f(q) = 2*q**2 - q - 10 + 0*q - q. Let i = -1968 - -1961. What is the tens digit of f(i)?
0
What is the hundreds digit of 8 - (-9168)/32*868/21?
8
Suppose 2979*c - 3007*c + 2197216 = 0. What is the ten thousands digit of c?
7
Let q be ((-2)/4)/((-11)/110). Suppose 5*h = -u - 89, q*u - h = -213 - 102. Let p = u - -181. What is the hundreds digit of p?
1
Let d(x) = 72*x**2 - 16*x - 33. What is the tens digit of d(-9)?
4
Let f be (-30)/(-9) + (-14)/(-21). Let c(k) = -9*k + 4. Let y(t) = -28*t + 13. Let r(o) = f*y(o) - 14*c(o). What is the units digit of r(4)?
2
Let r(p) = -p**3 - 70*p**2 + 71*p + 104. Let w be r(-71). Let l be (-4)/(-4 + -2 + 4). Suppose -48 = -l*i + w. What is the units digit of i?
6
Suppose y = -4*y - 10. Let z be ((-15)/(-30))/(1/y). Let s(t) = -190*t**3 - 4*t - 4. What is the units digit of s(z)?
0
Let l = 106597 + -35146. What is the tens digit of l?
5
Let c = 136754 + -78714. What is the thousands digit of c?
8
Let l be (18/8)/(2/(-80)). Let m be (5 - 4)*-2 + -1 + 142. Let s = l + m. What is the units digit of s?
9
Suppose 0 = -5*a + 5*r + 45, 2*a + 7*r = 2*r - 10. What is the thousands digit of a + ((-2284)/(-6))/(16/48)?
1
Let x be (4 - 2)/((-2)/161). Let c = -97 - x. Suppose 4 = -2*i + c. What is the units digit of i?
0
Let v(o) = o**2 + 13*o + 30. Let h be v(-10). What is the tens digit of (-4)/(72/1137)*(-6 + h)?
7
What is the tens digit of ((-160)/8 + 21)*(2 + -7) - -1148?
4
Let g(n) = 15*n**3 + 5*n**2 - 5*n + 7. Let p(m) = m**3 - 2*m**2 - 12*m - 12. Let y be p(5). What is the tens digit of g(y)?
4
What is the units digit of 50092/(-8)*2*18/(-42)?
7
Let v be (-4 - (6 + -235)) + -7 + 1. Suppose 5*i = -2*r + 660, -2*i - 3*r + 253 = -0*r. Let y = v - i. What is the units digit of y?
5
Suppose 0 = 5*h - 14*k + 12*k - 25, -4*k + 20 = 0. Suppose -h*r + 7666 = -3163. Wha